f - 2*a = 0. Suppose -180 = m - 2*m. Suppose 5*r = -4*h + m, 4*h - r = -f*h + 156. Is h a multiple of 8?
True
Suppose 0 = -6*t + 192 + 444. Let r = t - 55. Is r a multiple of 17?
True
Let v(r) = -r**2 - 7*r - 2. Let p be v(-6). Suppose -l - 4*z = -111, 4*z - 11 = 9. Suppose -p = -k - 5*q, 4*k - 3*q - l = 2*q. Does 7 divide k?
False
Suppose s = 2*x + 1689, 3*x - 3357 = -2*s - 0*x. Is s a multiple of 11?
True
Let p(k) = -k**3 - 18*k**2 + 8*k + 21. Let n = 55 + -74. Is p(n) a multiple of 23?
True
Suppose -d - 304 = -9*d. Let y = -30 + d. Is y even?
True
Suppose 0 = -3*g + 8*g - 190. Let w = 21 + g. Suppose w = o - b - 11, -o - b = -72. Is 20 a factor of o?
False
Suppose -3*g + 12 = 9. Let c be -1 + g/(2/122). Suppose -c = -k - 1. Is 30 a factor of k?
False
Let b = -61 + 179. Suppose -4*v + 0*h - 3*h = -114, 0 = 4*v + h - b. Is 10 a factor of v?
True
Let p = -4 - -20. Let o = 77 - 74. Suppose -s = -p + o. Is s a multiple of 13?
True
Is 9 a factor of 433 + 1 + (-25)/((-75)/12)?
False
Let s(p) = -1 + 10 - p - p**3 - 3*p**2 + 12*p**2 - p. Does 20 divide s(8)?
False
Let o = -981 + 1307. Is o even?
True
Let h = 632 - 348. Is 39 a factor of h?
False
Does 34 divide (4 - 21)/((-5)/10)?
True
Let q(f) = -f - 6. Let w be q(-12). Is 11 a factor of ((-200)/(-32) - w)/(1/212)?
False
Suppose -30 = 2*q - 2*h, 4*h = -5*q + 5*h - 79. Let o = -2 - q. Does 4 divide o?
False
Let d = -1825 - -1909. Is d even?
True
Let j = 22 - 14. Is 18 a factor of 430/j + (3/(-12))/(-1)?
True
Suppose 1162 = 16*z - 1430. Does 6 divide z?
True
Let p(s) = 38*s - 126. Does 5 divide p(17)?
True
Suppose -a + 31 = 3*i + 2, 2*a + 5*i = 53. Let t = a - 10. Suppose -t*c - f + 2 = -12, 0 = 5*c + f - 17. Does 2 divide c?
False
Let l = 186 + -121. Let u = l + -191. Is (u/(-4))/(2/4) a multiple of 15?
False
Let m(t) be the second derivative of t**3 - 9*t**2 - 9*t. Is m(5) a multiple of 3?
True
Let d = 237 - 124. Is d a multiple of 5?
False
Let a be (16 + -2)*(-11)/(-2). Suppose a + 58 = 3*r. Does 7 divide r?
False
Let x = 687 + -395. Is x a multiple of 41?
False
Let u(w) = -129*w**3 + w**2 + w. Suppose -5*v + 10*a - 5*a + 20 = 0, 3*v + 8 = -a. Let m be u(v). Let q = m + -70. Does 16 divide q?
False
Let u(z) = 5*z - 2*z - 27 + 20 + 3*z. Is u(6) a multiple of 12?
False
Suppose 2261 = 2*r - 4*k + 865, -r + 678 = 3*k. Is r a multiple of 46?
True
Suppose -2*d + 3*f = -322, -5*d - 3*f = -6*f - 814. Does 10 divide d?
False
Let j = -6 + 30. Suppose -9*t = -t + 120. Let d = j + t. Is 3 a factor of d?
True
Suppose 400 = 33*b - 25*b. Let r = b - -9. Is 6 a factor of r?
False
Let f = -11 - -8. Let k = 4 - f. Let d(m) = 9*m - 9. Is 18 a factor of d(k)?
True
Let b(j) = 82*j - 50. Is b(3) a multiple of 28?
True
Let i = 2044 - 172. Does 48 divide i?
True
Let u(t) = -t**3 - 20*t**2 + 70*t + 44. Is u(-23) a multiple of 7?
True
Suppose -7 = -4*f + 3*f - 2*p, 0 = 4*p - 4. Let x(y) = y**2 - 3*y - 3. Let m be x(-6). Suppose u - c - m = 0, c + 51 = u + f*c. Is u a multiple of 20?
False
Suppose 3*r = -5*o + 2*o + 21, 13 = -r + 3*o. Suppose 3*p = r*w + 140, 5*w - 4 = 3*w. Is 16 a factor of p?
True
Let r(k) = -10*k**3 - 3*k**2 - 2*k - 3. Let o be r(-2). Is 12/3 + o + 6 a multiple of 10?
False
Is 45 a factor of -6 - 72/10*1920/(-9)?
True
Suppose -2*l - 11 = -2*r - 3*l, 1 = l. Suppose 2*d = 6*d - 5*f + 224, 0 = -r*f + 20. Let t = -29 - d. Is 8 a factor of t?
False
Does 13 divide (-23 + -4)*(-2816)/33 - 3?
True
Let w(b) = -b**3 + 2*b**2 + 4*b - 18. Is 8 a factor of w(-7)?
False
Let l = 6 - 4. Suppose -n + 285 = 2*m, 141 = -0*m + m + l*n. Does 13 divide m?
True
Suppose -6*t + t = -25, -3*l - 3*t + 108 = 0. Let x = -77 + l. Let j = x + 67. Does 21 divide j?
True
Suppose 4*f - 21 = -3*f. Suppose -3*p - r + 143 = 0, -5*p - 2*r + 235 = f*r. Is 4 a factor of p?
True
Suppose 4*l + 2 + 1 = -k, -2*k - 3*l + 4 = 0. Suppose 566 + 119 = -k*c. Let w = 243 + c. Is w a multiple of 22?
False
Let p be (112/(-35))/(1/5). Let z = -5 - p. Does 9 divide z?
False
Suppose 0 = -2*h + 797 + 563. Suppose -h = -13*k + 3*k. Does 34 divide k?
True
Let v(y) = y**3 + 27*y**2 + 19*y - 17. Does 33 divide v(-26)?
True
Let x(l) = -18*l - 12 + 2 + 35*l. Is x(5) a multiple of 15?
True
Let u(r) = r**3 + r**2 + r - 1. Let g(w) = -7*w**3 - 2*w**2 - 7*w - 7. Let v(p) = -g(p) - 6*u(p). Is 16 a factor of v(6)?
False
Let a(b) = 23*b**3 + 5*b**2 - 8*b. Let k(n) = -8*n**3 - 2*n**2 + 3*n. Let r(o) = 3*a(o) + 8*k(o). Suppose 0 = -2*v + 2 + 2. Is 18 a factor of r(v)?
True
Suppose -48*n = -33677 + 11549. Is 19 a factor of n?
False
Let o = -36 + 41. Suppose f - 31 - 17 = -q, -10 = o*f. Is 29 a factor of q?
False
Let h(v) = 2*v**3 + v**2 + 4*v. Let g(j) = 5*j**2 + 2*j. Let i be g(-1). Let b be h(i). Suppose 0 = -4*w - 5*u + 367 - b, 0 = -3*u. Does 20 divide w?
False
Suppose 5*o - 576 = -3*o. Is 42 a factor of -2 + 19960/o - 4/18?
False
Let u(s) = -s**2 - 2*s + 3. Suppose -3*y + 2*y + 2*k + 10 = 0, -3*k - 20 = -4*y. Let x be u(y). Is x*(-1 + -1)*3 a multiple of 15?
True
Let u(n) = -62*n - 644. Is 8 a factor of u(-14)?
True
Let c(i) = -49*i + 5*i**2 - 4*i**2 + 58*i + 17. Is c(-10) a multiple of 9?
True
Suppose -5*d + 1185 = -2*b, -b = d + d - 465. Let o = -92 + d. Is 27 a factor of o?
False
Suppose r = 2*h, 0*h = -4*r + 5*h + 9. Let b be 2/r + (-1434)/(-18). Suppose -w + b = 4*w. Is 16 a factor of w?
True
Let q = -15 - -16. Suppose a - 5 = b - q, -8 = -3*a - b. Let t(o) = o**3 + 3*o**2 + 4*o - 2. Is t(a) a multiple of 15?
False
Suppose 13*g = 18*g - 2745. Does 61 divide g?
True
Let w(y) = -y**3 + 18*y**2 + 23*y + 68. Is w(19) a multiple of 12?
True
Suppose 4*p - 2*m = 404, 10*p - 505 = 5*p + 3*m. Is 7 a factor of p?
False
Let a(z) = -z**2 - 5*z - 3. Let i be a(-6). Suppose h - 1 = -6, -3*l + 33 = 3*h. Let b = l + i. Is 3 a factor of b?
False
Suppose 2 + 23 = 5*x. Suppose -24 = -x*g + 3*j - 10, j - 1 = -4*g. Is 17 a factor of g/(-2 + 138/68)?
True
Let r(u) = u**3 + 5*u**2 - u. Let b be r(-5). Let p(v) = 5*v + 72. Let y be p(-14). Suppose 0 = b*o + a - 71, 4*a - 21 = -y*o - 7. Does 5 divide o?
True
Let z = -31 + 11. Let x = 20 + z. Suppose x = -0*b + 3*b - 6. Is b even?
True
Let f = -436 - -613. Is 15 a factor of f?
False
Let t = -11 + 8. Let m(j) = -6*j**3 + 2*j**2 - 1. Let y be m(t). Suppose -q = 3*x - x - y, 0 = -2*x + 3*q + 191. Is 13 a factor of x?
True
Let o = -99 - -72. Let t = -9 - o. Is t a multiple of 6?
True
Let r be 1/(-1)*9/(-3). Suppose k + 3*v = r, -2*v = 4 + 2. Does 12 divide k?
True
Let c = -1 - -6. Suppose 4*i = -g, -4*g = -c*i - 0*g. Suppose 3*s + r = -i + 62, -4*r = -4*s + 104. Is s a multiple of 22?
True
Let u(n) = 9 - 8 - 14*n - 4*n - 9. Does 5 divide u(-2)?
False
Let k = 1109 + -615. Is k a multiple of 19?
True
Is 106 a factor of 1/9 + 188881/(-99)*-1?
True
Let t = -33 - -32. Does 19 divide (-2 - t)*2 + 40?
True
Let u(j) = 2 + 3*j - 2*j + 6. Let m be u(-5). Does 15 divide m + -2 + (45 - 1)?
True
Suppose -1 = 4*q + 3, 5*x + 5*q - 370 = 0. Does 5 divide x?
True
Is 1150 + 20/2 + 2 a multiple of 14?
True
Let r = 100 - 101. Let u(c) = -124*c**3 + 6*c + 6. Is 20 a factor of u(r)?
False
Let p(f) = 4*f**2 + 4*f + 6. Suppose 0 = 5*a - 0*d - 4*d + 23, 5*a + 4*d = -47. Is p(a) a multiple of 20?
False
Suppose -p - 2*g + 69 = 0, -363 = -5*p - 3*g - g. Suppose -208 + p = -7*k. Is k a multiple of 10?
False
Suppose -4*i = -4*p + 12, i + 4*i = 4*p - 12. Suppose 0*q - 94 = -q - p*y, -3*q + 3*y + 258 = 0. Suppose r + 3*r - q = 0. Is r a multiple of 11?
True
Let k(x) = 4*x**2 + x + 5. Let s be k(-3). Let y = s - -19. Let n = y + -1. Is 8 a factor of n?
True
Let d = 162 - 126. Is 9 a factor of d?
True
Let q be 36 - -4*3/(-12). Suppose 0 = 6*n + q - 287. Is n a multiple of 21?
True
Suppose -4*t + 4 + 4 = 0. Suppose -6*x - 4*p + 18 = -x, -t*p = 5*x - 14. Let r = x + 4. Is 3 a factor of r?
True
Let i = 571 - -462. Is i a multiple of 62?
False
Suppose -5*d + 29 = 5*n - 381, -5 = 5*n. Is 83 a factor of d?
True
Suppose -x + 3*x + 5*v = 1751, 0 = -4*v - 20. Suppose -x - 337 = -7*s. Does 35 divide s?
True
Suppose 6*b = 3*b - 15. Is (-2313)/(-45) - ((-2)/b + 0) a multiple of 7?
False
Suppose -3*k - 4*f = -20, 4*k - 19 = 2*k + 3*f. Suppose -k*p = 11*p - 1216. Is 8 a factor of p?
True
Let f(l) be the third derivative of l**5/60 - 11*l**4/24 - 3*l**3/2 - 9*l**2. Let t be f(12). Suppose 